{"id":3050,"date":"2024-09-30T16:38:59","date_gmt":"2024-09-30T16:38:59","guid":{"rendered":"https:\/\/cvjm-waiblingen.de\/?page_id=3050"},"modified":"2025-07-22T09:23:55","modified_gmt":"2025-07-22T09:23:55","slug":"eltern-kind-gruppe","status":"publish","type":"page","link":"https:\/\/cvjm-waiblingen.de\/index.php\/eltern-kind-gruppe\/","title":{"rendered":"Krabbelgruppe"},"content":{"rendered":"\n<div class=\"alignnormal\"><div id=\"metaslider-id-3272\" style=\"width: 100%;\" class=\"ml-slider-3-109-0 metaslider metaslider-flex metaslider-3272 ml-slider has-dots-nav ms-theme-default\" role=\"region\" aria-label=\"Krabbelgruppe\" data-height=\"400\" data-width=\"700\">\n    <div id=\"metaslider_container_3272\">\n        <div id=\"metaslider_3272\">\n            <ul class='slides'>\n                <li style=\"display: block; width: 100%;\" class=\"slide-3273 ms-image \" aria-roledescription=\"slide\" data-date=\"2024-10-26 08:57:50\" data-filename=\"Spielen-Mu-Ki-scaled-700x400.jpg\" data-slide-type=\"image\"><img loading=\"lazy\" decoding=\"async\" src=\"https:\/\/cvjm-waiblingen.de\/wp-content\/uploads\/2017\/07\/Spielen-Mu-Ki-scaled-700x400.jpg\" height=\"400\" width=\"700\" alt=\"\" class=\"slider-3272 slide-3273 msDefaultImage\" title=\"Spielen Mu-Ki\" \/><\/li>\n                <li style=\"display: none; width: 100%;\" class=\"slide-3274 ms-image \" aria-roledescription=\"slide\" data-date=\"2024-10-26 08:57:50\" data-filename=\"Fruhstuck-Mu-Ki-scaled-700x400.jpg\" data-slide-type=\"image\"><img loading=\"lazy\" decoding=\"async\" src=\"https:\/\/cvjm-waiblingen.de\/wp-content\/uploads\/2017\/07\/Fruhstuck-Mu-Ki-scaled-700x400.jpg\" height=\"400\" width=\"700\" alt=\"\" class=\"slider-3272 slide-3274 msDefaultImage\" title=\"Fr\u00fchst\u00fcck Mu-Ki\" \/><\/li>\n                <li style=\"display: none; width: 100%;\" class=\"slide-3275 ms-image \" aria-roledescription=\"slide\" data-date=\"2024-10-26 08:58:23\" data-filename=\"Rutsche-Mu-Ki-700x400.jpg\" data-slide-type=\"image\"><img loading=\"lazy\" decoding=\"async\" src=\"https:\/\/cvjm-waiblingen.de\/wp-content\/uploads\/2017\/07\/Rutsche-Mu-Ki-700x400.jpg\" height=\"400\" width=\"700\" alt=\"\" class=\"slider-3272 slide-3275 msDefaultImage\" title=\"Rutsche Mu-Ki\" \/><\/li>\n            <\/ul>\n        <\/div>\n        \n    <\/div>\n<\/div><\/div>\n\n\n\n<div class=\"wp-block-columns is-style-blockbooster-boxshadow is-layout-flex wp-container-core-columns-is-layout-28f84493 wp-block-columns-is-layout-flex\">\n<div class=\"wp-block-column is-layout-flow wp-block-column-is-layout-flow\"><\/div>\n<\/div>\n\n\n\n<div class=\"wp-block-columns is-style-blockbooster-boxshadow has-dark-shade-color has-text-color is-layout-flex wp-container-core-columns-is-layout-28f84493 wp-block-columns-is-layout-flex\">\n<div class=\"wp-block-column is-layout-flow wp-block-column-is-layout-flow\">\n<p>In unserer Krabbelgruppe singen, spielen und fr\u00fchst\u00fccken wir gemeinsam.&nbsp;<\/p>\n\n\n\n<p>Der Gruppenraum der Jugendkirche bietet f\u00fcr bis zu 10 Kinder und ihre Eltern genug Platz.<\/p>\n\n\n\n<p>In der freien Spielzeit k\u00f6nnen die Kinder gemeinsam das Spielzeug erkunden und die Eltern haben die Gelegenheit sich auszutauschen.&nbsp;<\/p>\n\n\n\n<p>Es sind nicht nur Eltern herzlich eingeladen ihre Kinder zu begleiten, sondern auch Gro\u00dfeltern oder sonstige n\u00e4here Bezugspersonen, die eine sch\u00f6ne Zeit mit ihnen verbringen m\u00f6chten.<\/p>\n\n\n\n<p class=\"has-dark-shade-color has-text-color\"><strong>Bei Interesse d\u00fcrft ihr euch gerne bei uns melden.<\/strong><\/p>\n<\/div>\n<\/div>\n\n\n\n<div class=\"wp-block-columns is-style-blockbooster-boxshadow is-layout-flex wp-container-core-columns-is-layout-28f84493 wp-block-columns-is-layout-flex\">\n<div class=\"wp-block-column is-layout-flow wp-block-column-is-layout-flow\">\n<div class=\"wp-block-columns is-layout-flex wp-container-core-columns-is-layout-28f84493 wp-block-columns-is-layout-flex\">\n<div class=\"wp-block-column is-layout-flow wp-block-column-is-layout-flow\">\n<p class=\"has-dark-shade-color has-text-color\"><strong>Jeden Montag<\/strong> von <strong>9:30 &#8211; 11:00 Uhr<\/strong><br><br>im <strong>Dietrich Bonhoeffer-Haus<\/strong> \/ LIGHTHOUSE Talstra\u00dfe 11, 71332 Waiblingen<br><br>Kontakt: krabbelgruppe@cvjm-waiblingen.de<\/p>\n<\/div>\n<\/div>\n<\/div>\n<\/div>\n\n\n\n<p><\/p>\n","protected":false},"excerpt":{"rendered":"<p>In unserer Krabbelgruppe singen, spielen und fr\u00fchst\u00fccken wir gemeinsam.&nbsp; Der Gruppenraum der Jugendkirche bietet f\u00fcr bis zu 10 Kinder und ihre Eltern genug Platz. In der freien Spielzeit k\u00f6nnen die Kinder gemeinsam das Spielzeug erkunden und die Eltern haben die Gelegenheit sich auszutauschen.&nbsp; Es sind nicht nur Eltern herzlich eingeladen ihre Kinder zu begleiten, sondern&#8230;<\/p>\n","protected":false},"author":1,"featured_media":0,"parent":0,"menu_order":0,"comment_status":"closed","ping_status":"closed","template":"","meta":{"footnotes":""},"class_list":["post-3050","page","type-page","status-publish","hentry"],"_links":{"self":[{"href":"https:\/\/cvjm-waiblingen.de\/index.php\/wp-json\/wp\/v2\/pages\/3050","targetHints":{"allow":["GET"]}}],"collection":[{"href":"https:\/\/cvjm-waiblingen.de\/index.php\/wp-json\/wp\/v2\/pages"}],"about":[{"href":"https:\/\/cvjm-waiblingen.de\/index.php\/wp-json\/wp\/v2\/types\/page"}],"author":[{"embeddable":true,"href":"https:\/\/cvjm-waiblingen.de\/index.php\/wp-json\/wp\/v2\/users\/1"}],"replies":[{"embeddable":true,"href":"https:\/\/cvjm-waiblingen.de\/index.php\/wp-json\/wp\/v2\/comments?post=3050"}],"version-history":[{"count":12,"href":"https:\/\/cvjm-waiblingen.de\/index.php\/wp-json\/wp\/v2\/pages\/3050\/revisions"}],"predecessor-version":[{"id":3803,"href":"https:\/\/cvjm-waiblingen.de\/index.php\/wp-json\/wp\/v2\/pages\/3050\/revisions\/3803"}],"wp:attachment":[{"href":"https:\/\/cvjm-waiblingen.de\/index.php\/wp-json\/wp\/v2\/media?parent=3050"}],"curies":[{"name":"wp","href":"https:\/\/api.w.org\/{rel}","templated":true}]}}