{"id":3232,"date":"2024-10-26T07:40:32","date_gmt":"2024-10-26T07:40:32","guid":{"rendered":"https:\/\/cvjm-waiblingen.de\/?page_id=3232"},"modified":"2025-10-06T12:20:46","modified_gmt":"2025-10-06T12:20:46","slug":"ritardando","status":"publish","type":"page","link":"https:\/\/cvjm-waiblingen.de\/index.php\/ritardando\/","title":{"rendered":"Ritardando"},"content":{"rendered":"\n<div class=\"alignnormal\"><div id=\"metaslider-id-3258\" style=\"width: 100%;\" class=\"ml-slider-3-109-0 metaslider metaslider-flex metaslider-3258 ml-slider has-dots-nav ms-theme-default\" role=\"region\" aria-label=\"Ritardando\" data-height=\"400\" data-width=\"700\">\n    <div id=\"metaslider_container_3258\">\n        <div id=\"metaslider_3258\">\n            <ul class='slides'>\n                <li style=\"display: block; width: 100%;\" class=\"slide-3260 ms-image \" aria-roledescription=\"slide\" data-date=\"2024-10-26 08:28:37\" data-filename=\"1F57B45E-scaled-700x400.jpg\" data-slide-type=\"image\"><img loading=\"lazy\" decoding=\"async\" src=\"https:\/\/cvjm-waiblingen.de\/wp-content\/uploads\/2024\/10\/1F57B45E-scaled-700x400.jpg\" height=\"400\" width=\"700\" alt=\"\" class=\"slider-3258 slide-3260 msDefaultImage\" title=\"1F57B45E\" \/><\/li>\n            <\/ul>\n        <\/div>\n        \n    <\/div>\n<\/div><\/div>\n\n\n\n<div class=\"wp-block-columns is-style-blockbooster-boxshadow has-dark-shade-color has-text-color is-layout-flex wp-container-core-columns-is-layout-28f84493 wp-block-columns-is-layout-flex\">\n<div class=\"wp-block-column is-layout-flow wp-block-column-is-layout-flow\">\n<p><strong>Ritardando<\/strong> das ist ein Angebot der Bl\u00e4serarbeit im Kirchenbezirk Waiblingen.<\/p>\n\n\n\n<p>Einmal im Monat treffen sich Bl\u00e4serinnen und Bl\u00e4ser zum Musizieren und zum Austausch bei Kaffee und Kuchen. Es werden einfache Bl\u00e4serst\u00fccke aus dem Choralbuch und aus den Bl\u00e4serkl\u00e4ngen gespielt. Immer wieder kommt es zu Anfragen zum Musizieren in Gottesdiensten oder in Pflegeeinrichtungen, die besprochen und durchgef\u00fchrt werden. <br>Herzliche Einladung zum Mitmachen.<\/p>\n<\/div>\n<\/div>\n\n\n\n<div class=\"wp-block-columns is-layout-flex wp-container-core-columns-is-layout-28f84493 wp-block-columns-is-layout-flex\">\n<div class=\"wp-block-column is-style-blockbooster-boxshadow is-layout-flow wp-block-column-is-layout-flow\">\n<p class=\"has-dark-shade-color has-text-color\">Am <strong>2. Dienstag im Monat<\/strong> um <strong>15.00 Uhr<\/strong> <\/p>\n\n\n\n<p class=\"has-dark-shade-color has-text-color\">im <strong>Dietrich Bonhoeffer-Haus<\/strong> \/ LIGHTHOUSE Talstra\u00dfe 11, 71332 Waiblingen (Alter Kindergarten -Seiteneingang)<\/p>\n\n\n\n<p class=\"has-dark-shade-color has-text-color\">Bitte Choralbuch und Bl\u00e4serkl\u00e4nge mitbringen.<\/p>\n<\/div>\n<\/div>\n\n\n\n<div class=\"wp-block-columns is-style-blockbooster-boxshadow is-layout-flex wp-container-core-columns-is-layout-28f84493 wp-block-columns-is-layout-flex\">\n<div class=\"wp-block-column is-layout-flow wp-block-column-is-layout-flow\">\n<h4 class=\"wp-block-heading has-dark-shade-color has-text-color\">Termine<\/h4>\n\n\n\n<p class=\"has-dark-shade-color has-text-color\"><\/p>\n\n\n\n<p class=\"has-dark-shade-color has-text-color\">Kontakt: Ritardando@cvjm-waiblingen.de<\/p>\n<\/div>\n<\/div>\n\n\n\n<p><\/p>\n\n\n\n<p class=\"has-dark-shade-color has-text-color\"><\/p>\n\n\n\n<p><\/p>\n","protected":false},"excerpt":{"rendered":"<p>Ritardando das ist ein Angebot der Bl\u00e4serarbeit im Kirchenbezirk Waiblingen. Einmal im Monat treffen sich Bl\u00e4serinnen und Bl\u00e4ser zum Musizieren und zum Austausch bei Kaffee und Kuchen. Es werden einfache Bl\u00e4serst\u00fccke aus dem Choralbuch und aus den Bl\u00e4serkl\u00e4ngen gespielt. Immer wieder kommt es zu Anfragen zum Musizieren in Gottesdiensten oder in Pflegeeinrichtungen, die besprochen und&#8230;<\/p>\n","protected":false},"author":1,"featured_media":0,"parent":0,"menu_order":0,"comment_status":"closed","ping_status":"closed","template":"","meta":{"footnotes":""},"class_list":["post-3232","page","type-page","status-publish","hentry"],"_links":{"self":[{"href":"https:\/\/cvjm-waiblingen.de\/index.php\/wp-json\/wp\/v2\/pages\/3232","targetHints":{"allow":["GET"]}}],"collection":[{"href":"https:\/\/cvjm-waiblingen.de\/index.php\/wp-json\/wp\/v2\/pages"}],"about":[{"href":"https:\/\/cvjm-waiblingen.de\/index.php\/wp-json\/wp\/v2\/types\/page"}],"author":[{"embeddable":true,"href":"https:\/\/cvjm-waiblingen.de\/index.php\/wp-json\/wp\/v2\/users\/1"}],"replies":[{"embeddable":true,"href":"https:\/\/cvjm-waiblingen.de\/index.php\/wp-json\/wp\/v2\/comments?post=3232"}],"version-history":[{"count":10,"href":"https:\/\/cvjm-waiblingen.de\/index.php\/wp-json\/wp\/v2\/pages\/3232\/revisions"}],"predecessor-version":[{"id":3820,"href":"https:\/\/cvjm-waiblingen.de\/index.php\/wp-json\/wp\/v2\/pages\/3232\/revisions\/3820"}],"wp:attachment":[{"href":"https:\/\/cvjm-waiblingen.de\/index.php\/wp-json\/wp\/v2\/media?parent=3232"}],"curies":[{"name":"wp","href":"https:\/\/api.w.org\/{rel}","templated":true}]}}